 = -7*h + 53. Determine k(13).
-38
Let u(k) = -18*k - 5. Calculate u(3).
-59
Let p(j) = 2*j**2 + 26*j - 31. What is p(-14)?
-3
Let f(i) = i**3 + i**2 - i + 17. Give f(0).
17
Let d(f) = -3*f - 37. Give d(-19).
20
Let a(q) = 13*q + 3. Give a(-1).
-10
Let g(w) = 2*w**3 - 15*w**2 + 6*w - 5. What is g(7)?
-12
Let d(u) = 4*u + 36. What is d(-6)?
12
Let t(d) = 62*d - 553. Give t(9).
5
Let t(x) = 6*x - 75. What is t(12)?
-3
Let t(n) = -n**3 + 17*n**2 - 14*n - 23. Determine t(16).
9
Let c(n) = n**3 + 18*n**2 + 24*n + 14. Calculate c(-16).
142
Let i(c) = 2*c**2 + 14*c + 6. Give i(-7).
6
Let a(x) = -2*x**3 + x**2 + x - 2. Calculate a(2).
-12
Let b(q) = 7*q - 36. Calculate b(11).
41
Let k(i) = -2*i**3 + 2*i**2 - 3*i + 10. What is k(2)?
-4
Let u(j) = -j**3 + 31*j**2 + 2*j - 59. What is u(31)?
3
Let o(d) = -d**3 - 4*d**2 + d - 5. Calculate o(-4).
-9
Let n(u) = 2*u**2 - 13*u + 19. Calculate n(6).
13
Let d(k) = k**3 - 19*k**2 + 17*k - 14. What is d(18)?
-32
Let c(a) = 7*a - 8. What is c(-4)?
-36
Let z(b) = 4*b + 2. Calculate z(-7).
-26
Let p(j) = 28*j - 1. Determine p(-1).
-29
Let x(u) = -9*u + 2. Give x(-2).
20
Let o(l) = 18*l**2 + 1. Determine o(1).
19
Let c(l) = 26*l + 116. Determine c(-5).
-14
Let r(f) = -7*f + 24. Give r(14).
-74
Let o(t) = t**2 - 7*t - 8. What is o(6)?
-14
Let z(m) = -8*m - 7. Determine z(5).
-47
Let x(t) = -2*t**2 + 5*t + 16. Give x(-5).
-59
Let m(j) = -j**2 + 37*j - 333. What is m(16)?
3
Let i(r) = -r + 7. Determine i(-3).
10
Let x(r) = r**3 - 6*r**2 + 8*r - 3. Give x(4).
-3
Let j(i) = 7*i - 35. Give j(5).
0
Let d(g) = 31*g - 149. Calculate d(5).
6
Let k(j) = -j**3 + 10*j**2 - 8*j - 12. Give k(9).
-3
Let m(u) = u**2 + 5*u + 2. Calculate m(-4).
-2
Let x(f) = -45*f**3 - f**2 - 2*f + 2. Give x(1).
-46
Let k(p) = -31*p**2 - 7*p + 8. Determine k(1).
-30
Let b(t) = 7*t + 20. Give b(-9).
-43
Let h(p) = -7*p + 75. What is h(12)?
-9
Let f(l) = -3*l - 81. Determine f(-21).
-18
Let v(l) = -68*l - 684. Determine v(-10).
-4
Let q(i) = -2*i**3 - 4*i**2 + 7*i - 1. Determine q(-4).
35
Let x(t) = -t**3 - 7*t**2 - 5*t + 4. Give x(-4).
-24
Let k(b) = 8*b - 422. Give k(53).
2
Let j(m) = -2*m**3 - 16*m**2 + 20*m + 16. Determine j(-9).
-2
Let q(w) = w**3 + 3*w**2 + 3*w. Calculate q(-3).
-9
Let c(j) = -j**2 - 5*j - 5. What is c(-4)?
-1
Let l(g) = 5*g + 57. What is l(-11)?
2
Let p(x) = x - 13. What is p(13)?
0
Let z(d) = -d**2 + 14*d + 164. Determine z(21).
17
Let j(o) = o**3 - 5*o**2 + 1. Determine j(2).
-11
Let t(c) = -2*c**3 - 5*c**2 - 4*c - 2. Give t(-4).
62
Let w(f) = -f**3 + 18. What is w(0)?
18
Let t(g) = -4*g + 138. Determine t(31).
14
Let k(g) = 5*g - 9. Calculate k(4).
11
Let h(r) = -2*r**2 - 7*r + 13. Calculate h(2).
-9
Let w(b) = 7*b - 7. Give w(5).
28
Let g(s) = 96*s - 281. Calculate g(3).
7
Let x(y) = 2*y**2 - y + 21. Determine x(0).
21
Let q(x) = x**2 - 3*x - 11. Give q(5).
-1
Let j(y) = -y**2 - 5. Give j(7).
-54
Let b(g) = -31*g**3 + g**2 - 2*g + 1. Give b(1).
-31
Let f(l) = -l**2 + 3*l - 7. Determine f(8).
-47
Let h(s) = s**3 + 19*s**2 + 35*s + 15. Calculate h(-17).
-2
Let v(s) = -s**2 - 8*s + 9. Calculate v(-7).
16
Let a(x) = x - 1. Determine a(7).
6
Let g(l) = -l**3 - 3*l**2 + 14*l + 23. Determine g(-2).
-9
Let x(c) = -c**2 + 5*c - 2. What is x(3)?
4
Let n(j) = 143*j**2 - j + 2. Determine n(1).
144
Let g(b) = -3*b**2 + 73*b - 6. Give g(24).
18
Let j(w) = -w**2 + 13*w + 37. Calculate j(18).
-53
Let v(s) = s**3 + 8*s**2 + 2*s - 5. Give v(-8).
-21
Let x(v) = -28*v + 14. Determine x(2).
-42
Let a(i) = 3*i**2 + 13*i + 4. Give a(-6).
34
Let q(x) = -x**3 + 9*x**2 - 2. Give q(9).
-2
Let a(l) = -l + 3. Give a(7).
-4
Let d(m) = -20*m - 28. Determine d(4).
-108
Let t(s) = -52*s - 480. Give t(-9).
-12
Let i(k) = 2*k**2 + 6*k - 7. What is i(5)?
73
Let q(a) = 2*a + 27. Determine q(0).
27
Let z(p) = 14*p + 9. Give z(-1).
-5
Let l(y) = -y**3 + 16*y**2 - 40*y + 17. Determine l(13).
4
Let c(k) = -k**2 - 18*k - 45. Calculate c(-15).
0
Let w(x) = 171*x + 356. What is w(-2)?
14
Let n(b) = b**3 + 11*b**2 + 18*b + 6. Calculate n(-9).
6
Let t(u) = u**2 - 3. Determine t(-2).
1
Let v(t) = t**2 + 9*t - 18. Give v(-11).
4
Let l(h) = 5*h + 39. Calculate l(-13).
-26
Let r(g) = -5*g - 72. Calculate r(-15).
3
Let q(p) = 12*p + 57. Calculate q(4).
105
Let u(i) = -313*i + 6. Calculate u(0).
6
Let m(l) = -2*l + 31. What is m(14)?
3
Let d(v) = 3*v**3 + 5*v + 9. Calculate d(-3).
-87
Let q(s) = -s**3 - 3*s**2 - 6*s - 7. Determine q(-3).
11
Let t(k) = k**2 - 6*k - 4. Determine t(6).
-4
Let h(q) = 14*q**3 - 2*q**2 - 2*q - 1. What is h(-1)?
-15
Let m(u) = -u**3 + 4*u**2 - 4*u + 10. Determine m(4).
-6
Let q(k) = 4*k**2 + 4*k + 3. Determine q(-2).
11
Let d(u) = 6*u**2 + 38*u + 10. Give d(-6).
-2
Let s(r) = r + 10. Determine s(-2).
8
Let v(h) = h**3 - 5*h**2 - h + 2. What is v(5)?
-3
Let j(r) = -10*r + 2. Give j(-1).
12
Let c(v) = -v**3 - 5*v**2 + 7*v + 5. Give c(-7).
54
Let a(v) = -v**2 + 11*v + 17. What is a(13)?
-9
Let o(d) = 3*d**2 - 2. Give o(3).
25
Let b(h) = -h**2 - 9*h - 3. Calculate b(-11).
-25
Let z(i) = 70*i**2 - i. Calculate z(1).
69
Let k(h) = -2*h**2 - 14*h + 21. Determine k(-8).
5
Let a(w) = -9*w**3 + 2*w**2 - 2*w + 1. What is a(1)?
-8
Let l(x) = x - 1. Give l(-6).
-7
Let t(z) = z**3 + 12*z**2 + 13*z + 6. Calculate t(-11).
-16
Let c(g) = -g**2 - 4*g + 17. Give c(-6).
5
Let t(i) = -3*i - 8. Calculate t(6).
-26
Let u(z) = -z**2 + 13*z + 44. Give u(15).
14
Let m(o) = -3*o + 75. What is m(23)?
6
Let j(r) = -r**3 - 4*r**2 + 3*r - 6. Give j(-5).
4
Let t(j) = 10*j**3 + j**2 - 4*j + 3. Calculate t(1).
10
Let c(a) = a**2 + 7*a + 6. Determine c(-7).
6
Let w(b) = b**3 - 6*b**2 - 7*b + 6. Determine w(7).
6
Let l(d) = -d**2 - 2*d - 9. Calculate l(-4).
-17
Let o(a) = -a**2 + a + 5. Determine o(-5).
-25
Let b(m) = -2*m**3 + 17*m**2 + 8*m + 11. Calculate b(9).
2
Let p(j) = -j**3 + 13*j**2 + 13*j + 19. Determine p(14).
5
Let l(i) = i**3 - 17*i**2 + i - 17. What is l(17)?
0
Let z(s) = -7*s - 3. What is z(-4)?
25
Let n(l) = -l**2 - 11*l - 31. Calculate n(-6).
-1
Let u(d) = -d**3 - 8*d**2 + 10*d + 4. Give u(-9).
-5
Let j(p) = -2*p**2 + 92*p - 189. Calculate j(44).
-13
Let q(m) = m + 17. Determine q(-6).
11
Let k(h) = -14*h - 26. Calculate k(-2).
2
Let p(m) = -7*m**2 + 4*m - 2. Determine p(2).
-22
Let b(x) = -x**3 + 8*x**2 + 5. Give b(8).
5
Let n(d) = -d**3 - 24*d**2 + 27*d + 57. Give n(-25).
7
Let p(h) = h**3 - 26*h**2 + 20*h - 26. What is p(25)?
-151
Let u(s) = 25*s**2 + 8*s + 6. Give u(-1).
23
Let v(y) = y + 32. Give v(-32).
0
Let j(u) = -u - 1. What is j(-5)?
4
Let d(h) = h**3 - 21*h**2 + 37*h + 19. Calculate d(19).
0
Let s(b) = 2*b - 3. What is s(4)?
5
Let i(z) = -z**2 + 21*z + 71. Calculate i(-3).
-1
Let g(h) = h**3 - 4*h**2 + 2*h + 2. Give g(5).
37
Let x(u) = u**3 + 8*u**2 - 7*u - 51. Calculate x(-8).
5
Let h(n) = -11*n - 46. What is h(-3)?
-13
Let w(h) = -12*h + 17. Determine w(6).
-55
Let l(r) = -21*r**3 - r - 2. Determine l(-1).
20
Let s(g) = 5*g + 1. Calculate s(-1).
-4
Let n(y) = y**3 + 8*y**2 + 3*y - 6. Give n(-5).
54
Let q(t) = t**2 + 27*t + 99. What is q(-8)?
-53
Let u(h) = 9*h**2. Determine u(-1).
9
Let d(n) = -2*n**3 + 8*n**2 + n + 8. Give d(5).
-37
Let u(s) = -111*s + 782. Calculate u(7).
5
Let c(s) = -50*s + 68. What is c(2)?
-32
Let u(i) = 3*i**2 + 25*i + 8. Give u(-7).
-20
Let d(k) = 58*k + 570. Determine d(-10).
-10
Let a(n) = n**2 - 2*n - 4. What is a(3)?
-1
Let u(j) = j**2 - 12*j + 9. Determine u(4).
-23
Let t(m) = -m - 2. Give t(-5).
3
Let b(p) = p**3 - 7*p**2 + 8*p + 16. Determine b(5).
6
Let n(l) = -9*l + 20. What is n(11)?
-79
Let u(w) = -w**3 - 2*w**2 - 2*w - 11. Give u(-3).
4
Let p(a) = 7*a**3 + a - 1. Determine p(1).
7
Let c(i) = 6*i + 3. Give c(-4).
-21
Let w(x) = -17*x + 2. What is w(-3)?
53
Let i(g) = 6*g + 12. Give i(-2).
0
Let d(l) = 14*l + 3. Calculate d(3).
45
Let i(g) = 51*g**3 - 2*g**2. What is i(-1)?
-53
Let i(p) = p**2 - 14*p - 19. What is i(16)?
13
Let u(d) = -d**2 - 9*d - 8. Calculate u(-1).
0
Let o(q) = -3*q**2 + 7*q - 2. What is o(5)?
-42
Let i(q) = q**2 + 5*q + 2. Give i(-3).
-4
Let c(b) = -7*b + 177. Calculate c(24).
9
Let q(r) = 2*r**2 + 6*r + 7. Give q(-3).
7
Let g(r) = 2*r**3 - 9*r**2 - 5*r + 2. Calculate g(5).
2
Let a(h) = -h**3 - 18*h**2 - 18*h - 4. Determine a(-17).
13
Let y(g) = 19*g**2 + 2*g. Determine y(2).
80
Let q(i) = -i**2 